{"id":29,"date":"2021-11-27T22:40:19","date_gmt":"2021-11-27T22:40:19","guid":{"rendered":"https:\/\/plumber-gp.wordifysites.com\/?page_id=29"},"modified":"2021-11-27T22:40:19","modified_gmt":"2021-11-27T22:40:19","slug":"about","status":"publish","type":"page","link":"https:\/\/www.berkcan.com\/index.php\/about\/","title":{"rendered":"About"},"content":{"rendered":"\n<section class=\"gb-element-7d4560e9\">\n<h2 class=\"gb-text-2741c2b2\"><span class=\"gb-shape\"><svg xmlns=\"http:\/\/www.w3.org\/2000\/svg\" width=\"16\" height=\"16\" class=\"bi bi-dash\" viewBox=\"0 0 16 16\">   <path d=\"M4 8a.5.5 0 0 1 .5-.5h7a.5.5 0 0 1 0 1h-7A.5.5 0 0 1 4 8z\"><\/path> <\/svg><\/span><span class=\"gb-text\">What we do<\/span><\/h2>\n\n\n\n<p class=\"gb-text gb-text-cf8b5750\"><em>Class aptent taciti sociosqu ad litora torquent per conubia nostra, per inceptos himenaeos. Maecenas efficitur luctus arcu vitae auctor.<\/em><\/p>\n\n\n\n<div class=\"gb-element-e84f0331\">\n<div class=\"gb-element-468c2f8d\" style=\"--inline-bg-image: url(https:\/\/sites.generatepress.com\/plumber\/wp-content\/uploads\/sites\/117\/2021\/11\/karan-bhatia-ib7jwp7m0iA-unsplash.jpg)\"><\/div>\n\n\n\n<div class=\"gb-element-9649d28a\">\n<p class=\"gb-text-30751573\"><span class=\"gb-shape\"><svg viewBox=\"0 0 16 16\" class=\"bi bi-check2-square\" height=\"16\" width=\"16\" xmlns=\"http:\/\/www.w3.org\/2000\/svg\">   <path d=\"M3 14.5A1.5 1.5 0 0 1 1.5 13V3A1.5 1.5 0 0 1 3 1.5h8a.5.5 0 0 1 0 1H3a.5.5 0 0 0-.5.5v10a.5.5 0 0 0 .5.5h10a.5.5 0 0 0 .5-.5V8a.5.5 0 0 1 1 0v5a1.5 1.5 0 0 1-1.5 1.5H3z\"><\/path>   <path d=\"m8.354 10.354 7-7a.5.5 0 0 0-.708-.708L8 9.293 5.354 6.646a.5.5 0 1 0-.708.708l3 3a.5.5 0 0 0 .708 0z\"><\/path> <\/svg><\/span><span class=\"gb-text\">Nullam auctor massa id purus iaculis, at facilisis odio fermentum.<\/span><\/p>\n\n\n\n<p class=\"gb-text-ba9cf32d\"><span class=\"gb-shape\"><svg viewBox=\"0 0 16 16\" class=\"bi bi-check2-square\" height=\"16\" width=\"16\" xmlns=\"http:\/\/www.w3.org\/2000\/svg\">   <path d=\"M3 14.5A1.5 1.5 0 0 1 1.5 13V3A1.5 1.5 0 0 1 3 1.5h8a.5.5 0 0 1 0 1H3a.5.5 0 0 0-.5.5v10a.5.5 0 0 0 .5.5h10a.5.5 0 0 0 .5-.5V8a.5.5 0 0 1 1 0v5a1.5 1.5 0 0 1-1.5 1.5H3z\"><\/path>   <path d=\"m8.354 10.354 7-7a.5.5 0 0 0-.708-.708L8 9.293 5.354 6.646a.5.5 0 1 0-.708.708l3 3a.5.5 0 0 0 .708 0z\"><\/path> <\/svg><\/span><span class=\"gb-text\">Maecenas facilisis ac eros vitae laoreet.<\/span><\/p>\n\n\n\n<p class=\"gb-text-ff117220\"><span class=\"gb-shape\"><svg viewBox=\"0 0 16 16\" class=\"bi bi-check2-square\" height=\"16\" width=\"16\" xmlns=\"http:\/\/www.w3.org\/2000\/svg\">   <path d=\"M3 14.5A1.5 1.5 0 0 1 1.5 13V3A1.5 1.5 0 0 1 3 1.5h8a.5.5 0 0 1 0 1H3a.5.5 0 0 0-.5.5v10a.5.5 0 0 0 .5.5h10a.5.5 0 0 0 .5-.5V8a.5.5 0 0 1 1 0v5a1.5 1.5 0 0 1-1.5 1.5H3z\"><\/path>   <path d=\"m8.354 10.354 7-7a.5.5 0 0 0-.708-.708L8 9.293 5.354 6.646a.5.5 0 1 0-.708.708l3 3a.5.5 0 0 0 .708 0z\"><\/path> <\/svg><\/span><span class=\"gb-text\">Donec eros nunc, sagittis ac elit ac, euismod aliquet tellus. Ut in blandit neque.<\/span><\/p>\n\n\n\n<div class=\"gb-element-fcb9b287\">\n<p class=\"gb-text gb-text-5e23e210\">Pipe repair<\/p>\n\n\n\n<p class=\"gb-text gb-text-e99cdec0\">95%<\/p>\n<\/div>\n\n\n\n<div class=\"gb-element-24c626d1\">\n<p class=\"gb-text gb-text-4d52fb8d\">Faucet installation<\/p>\n\n\n\n<p class=\"gb-text gb-text-4ea7713e\">90%<\/p>\n<\/div>\n\n\n\n<div class=\"gb-element-eeb4ee11\">\n<p class=\"gb-text gb-text-234f1460\">Commercial plumbing<\/p>\n\n\n\n<p class=\"gb-text gb-text-13795701\">80%<\/p>\n<\/div>\n<\/div>\n<\/div>\n<\/section>\n\n\n\n<section class=\"gb-element-4d0e4e83\">\n<div class=\"gb-element-a439b962\">\n<h2 class=\"gb-text-b391a11b\"><span class=\"gb-shape\"><svg xmlns=\"http:\/\/www.w3.org\/2000\/svg\" width=\"16\" height=\"16\" class=\"bi bi-dash\" viewBox=\"0 0 16 16\">   <path d=\"M4 8a.5.5 0 0 1 .5-.5h7a.5.5 0 0 1 0 1h-7A.5.5 0 0 1 4 8z\"><\/path> <\/svg><\/span><span class=\"gb-text\">Our company history<\/span><\/h2>\n\n\n\n<p class=\"gb-text gb-text-d15ae1a5\"><em>Class aptent taciti sociosqu ad litora torquent per conubia nostra, per inceptos himenaeos. Maecenas efficitur luctus arcu vitae auctor.<\/em><\/p>\n\n\n\n<div class=\"gb-element-cc612433\">\n<div class=\"gb-element-ee631099\">\n<h3 class=\"gb-text gb-text-102e3db0\">2010<\/h3>\n\n\n\n<div class=\"gb-element-6c638e94\">\n<div class=\"gb-element-b7830b43\"><\/div>\n\n\n\n<div class=\"gb-text-576c1668\"><span class=\"gb-shape\"><svg aria-hidden=\"true\" role=\"img\" height=\"1em\" width=\"1em\" viewBox=\"0 0 512 512\" xmlns=\"http:\/\/www.w3.org\/2000\/svg\"><path fill=\"currentColor\" d=\"M256 8C119 8 8 119 8 256s111 248 248 248 248-111 248-248S393 8 256 8z\"><\/path><\/svg><\/span><\/div>\n\n\n\n<div class=\"gb-element-fa5397ab\"><\/div>\n<\/div>\n\n\n\n<div class=\"gb-element-1195b5ea\">\n<p class=\"gb-text gb-text-a9a4f2a2\">Company founded<\/p>\n\n\n\n<p class=\"gb-text gb-text-5288e830\">Cras blandit elit a rhoncus vulputate. Donec lacinia non purus ut aliquam.<\/p>\n<\/div>\n<\/div>\n\n\n\n<div class=\"gb-element-724fd90e\">\n<h3 class=\"gb-text gb-text-b4989a2c\">2014<\/h3>\n\n\n\n<div class=\"gb-element-82236abd\">\n<div class=\"gb-element-6b9ce255\"><\/div>\n\n\n\n<div class=\"gb-text-eaeab366\"><span class=\"gb-shape\"><svg aria-hidden=\"true\" role=\"img\" height=\"1em\" width=\"1em\" viewBox=\"0 0 512 512\" xmlns=\"http:\/\/www.w3.org\/2000\/svg\"><path fill=\"currentColor\" d=\"M256 8C119 8 8 119 8 256s111 248 248 248 248-111 248-248S393 8 256 8z\"><\/path><\/svg><\/span><\/div>\n\n\n\n<div class=\"gb-element-5816b83e\"><\/div>\n<\/div>\n\n\n\n<div class=\"gb-element-387e8d10\">\n<p class=\"gb-text gb-text-a3963974\">Another event<\/p>\n\n\n\n<p class=\"gb-text gb-text-818d684a\">Cras blandit elit a rhoncus vulputate. Donec lacinia non purus ut aliquam.<\/p>\n<\/div>\n<\/div>\n\n\n\n<div class=\"gb-element-a9261030\">\n<h3 class=\"gb-text gb-text-295252e9\">2018<\/h3>\n\n\n\n<div class=\"gb-element-d3cf1c87\">\n<div class=\"gb-element-d4db8e53\"><\/div>\n\n\n\n<div class=\"gb-text-c7a3c468\"><span class=\"gb-shape\"><svg aria-hidden=\"true\" role=\"img\" height=\"1em\" width=\"1em\" viewBox=\"0 0 512 512\" xmlns=\"http:\/\/www.w3.org\/2000\/svg\"><path fill=\"currentColor\" d=\"M256 8C119 8 8 119 8 256s111 248 248 248 248-111 248-248S393 8 256 8z\"><\/path><\/svg><\/span><\/div>\n\n\n\n<div class=\"gb-element-49ce43bf\"><\/div>\n<\/div>\n\n\n\n<div class=\"gb-element-fcdf61ae\">\n<p class=\"gb-text gb-text-a383eb54\">Another event<\/p>\n\n\n\n<p class=\"gb-text gb-text-43574dfd\">Cras blandit elit a rhoncus vulputate. Donec lacinia non purus ut aliquam.<\/p>\n<\/div>\n<\/div>\n\n\n\n<div class=\"gb-element-933da93d\">\n<h3 class=\"gb-text gb-text-20ca4172\">2021<\/h3>\n\n\n\n<div class=\"gb-element-be0ab46f\">\n<div class=\"gb-element-b56f2490\"><\/div>\n\n\n\n<div class=\"gb-text-912f5e1e\"><span class=\"gb-shape\"><svg aria-hidden=\"true\" role=\"img\" height=\"1em\" width=\"1em\" viewBox=\"0 0 512 512\" xmlns=\"http:\/\/www.w3.org\/2000\/svg\"><path fill=\"currentColor\" d=\"M256 8C119 8 8 119 8 256s111 248 248 248 248-111 248-248S393 8 256 8z\"><\/path><\/svg><\/span><\/div>\n\n\n\n<div class=\"gb-element-451f2a23\"><\/div>\n<\/div>\n\n\n\n<div class=\"gb-element-1b7da853\">\n<p class=\"gb-text gb-text-bc1ccdee\">Another event<\/p>\n\n\n\n<p class=\"gb-text gb-text-14e25564\">Cras blandit elit a rhoncus vulputate. Donec lacinia non purus ut aliquam.<\/p>\n<\/div>\n<\/div>\n<\/div>\n<\/div>\n<\/section>\n","protected":false},"excerpt":{"rendered":"<p>What we do Class aptent taciti sociosqu ad litora torquent per conubia nostra, per inceptos himenaeos. Maecenas efficitur luctus arcu vitae auctor. Nullam auctor massa id purus iaculis, at facilisis odio fermentum. Maecenas facilisis ac eros vitae laoreet. Donec eros nunc, sagittis ac elit ac, euismod aliquet tellus. Ut in blandit neque. Pipe repair 95% &#8230; <a title=\"About\" class=\"read-more\" href=\"https:\/\/www.berkcan.com\/index.php\/about\/\" aria-label=\"Read more about About\">Read more<\/a><\/p>\n","protected":false},"author":0,"featured_media":0,"parent":0,"menu_order":0,"comment_status":"closed","ping_status":"closed","template":"","meta":{"footnotes":""},"class_list":["post-29","page","type-page","status-publish"],"yoast_head":"<!-- This site is optimized with the Yoast SEO plugin v20.3 - https:\/\/yoast.com\/wordpress\/plugins\/seo\/ -->\n<title>About - Ankara Bilgisayar Kursu<\/title>\n<meta name=\"robots\" content=\"index, follow, max-snippet:-1, max-image-preview:large, max-video-preview:-1\" \/>\n<link rel=\"canonical\" href=\"https:\/\/www.berkcan.com\/index.php\/about\/\" \/>\n<meta property=\"og:locale\" content=\"tr_TR\" \/>\n<meta property=\"og:type\" content=\"article\" \/>\n<meta property=\"og:title\" content=\"About - Ankara Bilgisayar Kursu\" \/>\n<meta property=\"og:description\" content=\"What we do Class aptent taciti sociosqu ad litora torquent per conubia nostra, per inceptos himenaeos. Maecenas efficitur luctus arcu vitae auctor. Nullam auctor massa id purus iaculis, at facilisis odio fermentum. Maecenas facilisis ac eros vitae laoreet. Donec eros nunc, sagittis ac elit ac, euismod aliquet tellus. Ut in blandit neque. Pipe repair 95% ... Read more\" \/>\n<meta property=\"og:url\" content=\"https:\/\/www.berkcan.com\/index.php\/about\/\" \/>\n<meta property=\"og:site_name\" content=\"Ankara Bilgisayar Kursu\" \/>\n<meta property=\"article:publisher\" content=\"https:\/\/www.facebook.com\/people\/Ahmet-Aydnalp\/560469077\/\" \/>\n<meta name=\"twitter:card\" content=\"summary_large_image\" \/>\n<meta name=\"twitter:label1\" content=\"Tahmini okuma s\u00fcresi\" \/>\n\t<meta name=\"twitter:data1\" content=\"1 dakika\" \/>\n<script type=\"application\/ld+json\" class=\"yoast-schema-graph\">{\"@context\":\"https:\/\/schema.org\",\"@graph\":[{\"@type\":\"WebPage\",\"@id\":\"https:\/\/www.berkcan.com\/index.php\/about\/\",\"url\":\"https:\/\/www.berkcan.com\/index.php\/about\/\",\"name\":\"About - Ankara Bilgisayar Kursu\",\"isPartOf\":{\"@id\":\"https:\/\/www.berkcan.com\/#website\"},\"datePublished\":\"2021-11-27T22:40:19+00:00\",\"dateModified\":\"2021-11-27T22:40:19+00:00\",\"breadcrumb\":{\"@id\":\"https:\/\/www.berkcan.com\/index.php\/about\/#breadcrumb\"},\"inLanguage\":\"tr\",\"potentialAction\":[{\"@type\":\"ReadAction\",\"target\":[\"https:\/\/www.berkcan.com\/index.php\/about\/\"]}]},{\"@type\":\"BreadcrumbList\",\"@id\":\"https:\/\/www.berkcan.com\/index.php\/about\/#breadcrumb\",\"itemListElement\":[{\"@type\":\"ListItem\",\"position\":1,\"name\":\"Anasayfa\",\"item\":\"https:\/\/www.berkcan.com\/\"},{\"@type\":\"ListItem\",\"position\":2,\"name\":\"About\"}]},{\"@type\":\"WebSite\",\"@id\":\"https:\/\/www.berkcan.com\/#website\",\"url\":\"https:\/\/www.berkcan.com\/\",\"name\":\"Ankara Bilgisayar Kursu\",\"description\":\"Ankara MEB Onayl\u0131 Sertifika Merkezi, 37 Y\u0131ld\u0131r Hizmetinizdeyiz\",\"potentialAction\":[{\"@type\":\"SearchAction\",\"target\":{\"@type\":\"EntryPoint\",\"urlTemplate\":\"https:\/\/www.berkcan.com\/?s={search_term_string}\"},\"query-input\":\"required name=search_term_string\"}],\"inLanguage\":\"tr\"}]}<\/script>\n<!-- \/ Yoast SEO plugin. -->","yoast_head_json":{"title":"About - Ankara Bilgisayar Kursu","robots":{"index":"index","follow":"follow","max-snippet":"max-snippet:-1","max-image-preview":"max-image-preview:large","max-video-preview":"max-video-preview:-1"},"canonical":"https:\/\/www.berkcan.com\/index.php\/about\/","og_locale":"tr_TR","og_type":"article","og_title":"About - Ankara Bilgisayar Kursu","og_description":"What we do Class aptent taciti sociosqu ad litora torquent per conubia nostra, per inceptos himenaeos. Maecenas efficitur luctus arcu vitae auctor. Nullam auctor massa id purus iaculis, at facilisis odio fermentum. Maecenas facilisis ac eros vitae laoreet. Donec eros nunc, sagittis ac elit ac, euismod aliquet tellus. Ut in blandit neque. Pipe repair 95% ... Read more","og_url":"https:\/\/www.berkcan.com\/index.php\/about\/","og_site_name":"Ankara Bilgisayar Kursu","article_publisher":"https:\/\/www.facebook.com\/people\/Ahmet-Aydnalp\/560469077\/","twitter_card":"summary_large_image","twitter_misc":{"Tahmini okuma s\u00fcresi":"1 dakika"},"schema":{"@context":"https:\/\/schema.org","@graph":[{"@type":"WebPage","@id":"https:\/\/www.berkcan.com\/index.php\/about\/","url":"https:\/\/www.berkcan.com\/index.php\/about\/","name":"About - Ankara Bilgisayar Kursu","isPartOf":{"@id":"https:\/\/www.berkcan.com\/#website"},"datePublished":"2021-11-27T22:40:19+00:00","dateModified":"2021-11-27T22:40:19+00:00","breadcrumb":{"@id":"https:\/\/www.berkcan.com\/index.php\/about\/#breadcrumb"},"inLanguage":"tr","potentialAction":[{"@type":"ReadAction","target":["https:\/\/www.berkcan.com\/index.php\/about\/"]}]},{"@type":"BreadcrumbList","@id":"https:\/\/www.berkcan.com\/index.php\/about\/#breadcrumb","itemListElement":[{"@type":"ListItem","position":1,"name":"Anasayfa","item":"https:\/\/www.berkcan.com\/"},{"@type":"ListItem","position":2,"name":"About"}]},{"@type":"WebSite","@id":"https:\/\/www.berkcan.com\/#website","url":"https:\/\/www.berkcan.com\/","name":"Ankara Bilgisayar Kursu","description":"Ankara MEB Onayl\u0131 Sertifika Merkezi, 37 Y\u0131ld\u0131r Hizmetinizdeyiz","potentialAction":[{"@type":"SearchAction","target":{"@type":"EntryPoint","urlTemplate":"https:\/\/www.berkcan.com\/?s={search_term_string}"},"query-input":"required name=search_term_string"}],"inLanguage":"tr"}]}},"_links":{"self":[{"href":"https:\/\/www.berkcan.com\/index.php\/wp-json\/wp\/v2\/pages\/29","targetHints":{"allow":["GET"]}}],"collection":[{"href":"https:\/\/www.berkcan.com\/index.php\/wp-json\/wp\/v2\/pages"}],"about":[{"href":"https:\/\/www.berkcan.com\/index.php\/wp-json\/wp\/v2\/types\/page"}],"replies":[{"embeddable":true,"href":"https:\/\/www.berkcan.com\/index.php\/wp-json\/wp\/v2\/comments?post=29"}],"version-history":[{"count":0,"href":"https:\/\/www.berkcan.com\/index.php\/wp-json\/wp\/v2\/pages\/29\/revisions"}],"wp:attachment":[{"href":"https:\/\/www.berkcan.com\/index.php\/wp-json\/wp\/v2\/media?parent=29"}],"curies":[{"name":"wp","href":"https:\/\/api.w.org\/{rel}","templated":true}]}}